{"id":7978,"date":"2022-04-29T18:35:46","date_gmt":"2022-04-29T18:35:46","guid":{"rendered":"https:\/\/www.elephantintheroom.hu\/?page_id=7978"},"modified":"2022-06-21T09:00:44","modified_gmt":"2022-06-21T09:00:44","slug":"rolunk","status":"publish","type":"page","link":"https:\/\/www.elephantintheroom.hu\/?page_id=7978","title":{"rendered":"R\u00f3lunk"},"content":{"rendered":"\t\t<div data-elementor-type=\"wp-page\" data-elementor-id=\"7978\" class=\"elementor elementor-7978\">\n\t\t\t\t\t\t<section class=\"elementor-section elementor-top-section elementor-element elementor-element-47e6a77 elementor-section-boxed elementor-section-height-default elementor-section-height-default\" data-id=\"47e6a77\" data-element_type=\"section\">\n\t\t\t\t\t\t<div class=\"elementor-container elementor-column-gap-default\">\n\t\t\t\t\t<div class=\"elementor-column elementor-col-100 elementor-top-column elementor-element elementor-element-b1a0777\" data-id=\"b1a0777\" data-element_type=\"column\">\n\t\t\t<div class=\"elementor-widget-wrap elementor-element-populated\">\n\t\t\t\t\t\t<div class=\"elementor-element elementor-element-fb5399a responsive-align-left elementor-widget elementor-widget-sr-widget-image-link\" data-id=\"fb5399a\" data-element_type=\"widget\" data-widget_type=\"sr-widget-image-link.default\">\n\t\t\t\t<div class=\"elementor-widget-container\">\n\t\t\t\t\t<div class=\"imagebutton\">\n\t\t\t\t\t\t<div class=\"imagebutton-media align- thumb-hover \">\t<img loading=\"lazy\" loading=\"lazy\" \n\t\t\t\t\t\t\t\tsrc=\"https:\/\/www.elephantintheroom.hu\/wp-content\/uploads\/elementor\/thumbs\/about-scaled-rd1ke22qdfgq5kq9cfer7cwxaw0mrfyr863k2j0wxs.jpg\" width=\"1367\" height=\"768\" alt=\"about\"\/><\/div><\/div>\t\t\t\t<\/div>\n\t\t\t\t<\/div>\n\t\t\t\t\t<\/div>\n\t\t<\/div>\n\t\t\t\t\t<\/div>\n\t\t<\/section>\n\t\t\t\t<section class=\"elementor-section elementor-top-section elementor-element elementor-element-357c72c elementor-section-boxed elementor-section-height-default elementor-section-height-default\" data-id=\"357c72c\" data-element_type=\"section\">\n\t\t\t\t\t\t<div class=\"elementor-container elementor-column-gap-default\">\n\t\t\t\t\t<div class=\"elementor-column elementor-col-100 elementor-top-column elementor-element elementor-element-27941ec\" data-id=\"27941ec\" data-element_type=\"column\">\n\t\t\t<div class=\"elementor-widget-wrap elementor-element-populated\">\n\t\t\t\t\t\t<div class=\"elementor-element elementor-element-044d2bc elementor-widget__width-initial elementor-absolute elementor-widget elementor-widget-text-editor\" data-id=\"044d2bc\" data-element_type=\"widget\" id=\"thereisanelephant\" data-settings=\"{&quot;_position&quot;:&quot;absolute&quot;}\" data-widget_type=\"text-editor.default\">\n\t\t\t\t<div class=\"elementor-widget-container\">\n\t\t\t\t\t\t\t\t\t<h2>Egy elef\u00e1nt van a szob\u00e1ban!<\/h2>\t\t\t\t\t\t\t\t<\/div>\n\t\t\t\t<\/div>\n\t\t\t\t\t<\/div>\n\t\t<\/div>\n\t\t\t\t\t<\/div>\n\t\t<\/section>\n\t\t\t\t<section class=\"elementor-section elementor-top-section elementor-element elementor-element-366cdb7 elementor-section-boxed elementor-section-height-default elementor-section-height-default\" data-id=\"366cdb7\" data-element_type=\"section\">\n\t\t\t\t\t\t<div class=\"elementor-container elementor-column-gap-default\">\n\t\t\t\t\t<div class=\"elementor-column elementor-col-50 elementor-top-column elementor-element elementor-element-c38b190\" data-id=\"c38b190\" data-element_type=\"column\">\n\t\t\t<div class=\"elementor-widget-wrap\">\n\t\t\t\t\t\t\t<\/div>\n\t\t<\/div>\n\t\t\t\t<div class=\"elementor-column elementor-col-50 elementor-top-column elementor-element elementor-element-dc55b94\" data-id=\"dc55b94\" data-element_type=\"column\">\n\t\t\t<div class=\"elementor-widget-wrap elementor-element-populated\">\n\t\t\t\t\t\t<div class=\"elementor-element elementor-element-a1f3e86 elementor-hidden-mobile elementor-hidden-tablet elementor-widget elementor-widget-sr-widget-imagegallery\" data-id=\"a1f3e86\" data-element_type=\"widget\" data-widget_type=\"sr-widget-imagegallery.default\">\n\t\t\t\t<div class=\"elementor-widget-container\">\n\t\t\t\t\t<div id=\"sr-gallery-grid-1\" class=\"sr-grid sr-grid-gallery sr-grid-column-random sr-grid-spaced-normal style-column-2\"><div class=\"sr-item sr-item-gallery \" data-parallax-speed=\"-0.02\"><div class=\"gallery-item-inner item-inner \" data-parallax-mouse=\"0.068\"><div class=\"gallery-media item-media \"><img decoding=\"async\" class=\"sr-image 2 portrait\"   src=\"https:\/\/www.elephantintheroom.hu\/wp-content\/uploads\/2022\/03\/dekor_4.png\" srcset=\"https:\/\/www.elephantintheroom.hu\/wp-content\/uploads\/2022\/03\/dekor_4.png 50w,https:\/\/www.elephantintheroom.hu\/wp-content\/uploads\/2022\/03\/dekor_4.png 50w,https:\/\/www.elephantintheroom.hu\/wp-content\/uploads\/2022\/03\/dekor_4.png 50w\" sizes=\"(min-width: 768px) 80vw, 80vw\" width=\"50\" height=\"150\" alt=\"dekor_4\" \/><\/div><\/div><\/div><\/div>\t\t\t\t<\/div>\n\t\t\t\t<\/div>\n\t\t\t\t\t<\/div>\n\t\t<\/div>\n\t\t\t\t\t<\/div>\n\t\t<\/section>\n\t\t\t\t<section class=\"elementor-section elementor-top-section elementor-element elementor-element-b15c76b elementor-section-full_width elementor-section-height-default elementor-section-height-default\" data-id=\"b15c76b\" data-element_type=\"section\">\n\t\t\t\t\t\t<div class=\"elementor-container elementor-column-gap-default\">\n\t\t\t\t\t<div class=\"elementor-column elementor-col-33 elementor-top-column elementor-element elementor-element-199836b\" data-id=\"199836b\" data-element_type=\"column\">\n\t\t\t<div class=\"elementor-widget-wrap\">\n\t\t\t\t\t\t\t<\/div>\n\t\t<\/div>\n\t\t\t\t<div class=\"elementor-column elementor-col-33 elementor-top-column elementor-element elementor-element-acb66d0 elementor-hidden-desktop elementor-hidden-tablet\" data-id=\"acb66d0\" data-element_type=\"column\">\n\t\t\t<div class=\"elementor-widget-wrap elementor-element-populated\">\n\t\t\t\t\t\t<div class=\"elementor-element elementor-element-0c1aa90 elementor-hidden-desktop elementor-hidden-tablet elementor-widget elementor-widget-sr-widget-imagegallery\" data-id=\"0c1aa90\" data-element_type=\"widget\" data-widget_type=\"sr-widget-imagegallery.default\">\n\t\t\t\t<div class=\"elementor-widget-container\">\n\t\t\t\t\t<div id=\"sr-gallery-grid-2\" class=\"sr-grid sr-grid-gallery sr-grid-column-random sr-grid-spaced-normal style-column-2\"><div class=\"sr-item sr-item-gallery \" data-parallax-speed=\"-0.05\"><div class=\"gallery-item-inner item-inner \" data-parallax-mouse=\"0.06\"><div class=\"gallery-media item-media \"><img decoding=\"async\" class=\"sr-image 2 portrait\"   src=\"https:\/\/www.elephantintheroom.hu\/wp-content\/uploads\/2022\/04\/Dekor-1-36.png\" srcset=\"https:\/\/www.elephantintheroom.hu\/wp-content\/uploads\/2022\/04\/Dekor-1-36.png 35w,https:\/\/www.elephantintheroom.hu\/wp-content\/uploads\/2022\/04\/Dekor-1-36.png 35w,https:\/\/www.elephantintheroom.hu\/wp-content\/uploads\/2022\/04\/Dekor-1-36.png 35w\" sizes=\"(min-width: 768px) 80vw, 80vw\" width=\"35\" height=\"105\" alt=\"Dekor 1 36\" \/><\/div><\/div><\/div><\/div>\t\t\t\t<\/div>\n\t\t\t\t<\/div>\n\t\t\t\t\t<\/div>\n\t\t<\/div>\n\t\t\t\t<div class=\"elementor-column elementor-col-33 elementor-top-column elementor-element elementor-element-80fd7aa\" data-id=\"80fd7aa\" data-element_type=\"column\">\n\t\t\t<div class=\"elementor-widget-wrap elementor-element-populated\">\n\t\t\t\t\t\t<div class=\"elementor-element elementor-element-ae63e70 elementor-widget elementor-widget-text-editor\" data-id=\"ae63e70\" data-element_type=\"widget\" data-widget_type=\"text-editor.default\">\n\t\t\t\t<div class=\"elementor-widget-container\">\n\t\t\t\t\t\t\t\t\t<h6>Hatalmas, mindenki l\u00e1tja, m\u00e9gsem besz\u00e9l r\u00f3la senki.<\/h6><h6>Ezt a kifejez\u00e9st akkor haszn\u00e1lj\u00e1k angol nyelvter\u00fcleten, amikor egy nagy \u00e9s nyilv\u00e1nval\u00f3 probl\u00e9m\u00e1ra utalnak, amir\u0151l mind tudunk, de &#8211; mivel kellemetlen\u00fcl \u00e9rint minket -, ink\u00e1bb ignor\u00e1ljuk \u00e9s nem besz\u00e9l\u00fcnk r\u00f3la.<\/h6><h6>Az elef\u00e1nt a szob\u00e1ban t\u00f6k\u00e9letes metafora civiliz\u00e1ci\u00f3nk tal\u00e1n legs\u00fcrget\u0151bb probl\u00e9m\u00e1j\u00e1ra, a glob\u00e1lis \u00f6kol\u00f3giai v\u00e1ls\u00e1gra, de j\u00f3l illeszkedik sz\u00e1mtalan egy\u00e9b \u00f6sszetett t\u00e1rsadalmi probl\u00e9m\u00e1ra is, ami a jelenlegin\u00e9l sokkal nagyobb figyelmet, s\u0151t cselekv\u00e9st \u00e9rdemel.<\/h6>\t\t\t\t\t\t\t\t<\/div>\n\t\t\t\t<\/div>\n\t\t\t\t\t<\/div>\n\t\t<\/div>\n\t\t\t\t\t<\/div>\n\t\t<\/section>\n\t\t\t\t<section class=\"elementor-section elementor-top-section elementor-element elementor-element-f05b349 elementor-section-boxed elementor-section-height-default elementor-section-height-default\" data-id=\"f05b349\" data-element_type=\"section\">\n\t\t\t\t\t\t<div class=\"elementor-container elementor-column-gap-default\">\n\t\t\t\t\t<div class=\"elementor-column elementor-col-33 elementor-top-column elementor-element elementor-element-7b51d56\" data-id=\"7b51d56\" data-element_type=\"column\">\n\t\t\t<div class=\"elementor-widget-wrap elementor-element-populated\">\n\t\t\t\t\t\t<div class=\"elementor-element elementor-element-a3e3518 about-green elementor-widget elementor-widget-text-editor\" data-id=\"a3e3518\" data-element_type=\"widget\" data-widget_type=\"text-editor.default\">\n\t\t\t\t<div class=\"elementor-widget-container\">\n\t\t\t\t\t\t\t\t\t<h6>Mi vagyunk az a kreat\u00edv \u00fcgyn\u00f6ks\u00e9g, akik sz\u00edvesen \u00e1ldoznak sok id\u0151t \u00e9s energi\u00e1t arra, hogy er\u0151s \u00f6tletekkel, alapos \u00e9s \u00e1tgondolt, professzion\u00e1lis koncepci\u00f3kkal seg\u00edts\u00fck az igaz\u00e1n fontos \u00fcgyeket \u00e9s egyre l\u00e1that\u00f3bb\u00e1 tegy\u00fck azt a bizonyos elef\u00e1ntot.<\/h6><h4>\u00a0<\/h4>\t\t\t\t\t\t\t\t<\/div>\n\t\t\t\t<\/div>\n\t\t\t\t\t<\/div>\n\t\t<\/div>\n\t\t\t\t<div class=\"elementor-column elementor-col-33 elementor-top-column elementor-element elementor-element-5541038\" data-id=\"5541038\" data-element_type=\"column\">\n\t\t\t<div class=\"elementor-widget-wrap\">\n\t\t\t\t\t\t\t<\/div>\n\t\t<\/div>\n\t\t\t\t<div class=\"elementor-column elementor-col-33 elementor-top-column elementor-element elementor-element-2e5b874\" data-id=\"2e5b874\" data-element_type=\"column\">\n\t\t\t<div class=\"elementor-widget-wrap elementor-element-populated\">\n\t\t\t\t\t\t<div class=\"elementor-element elementor-element-78aac52 elementor-hidden-tablet elementor-hidden-mobile elementor-widget elementor-widget-sr-widget-carousel\" data-id=\"78aac52\" data-element_type=\"widget\" data-widget_type=\"sr-widget-carousel.default\">\n\t\t\t\t<div class=\"elementor-widget-container\">\n\t\t\t\t\t<div class=\"flickity-carousel item-carousel style-column-3 mobile-col-2 flickity-spaced-normal extended hasarrows arrow-center style-arrows-rounded carousel-container\" data-flickity='{ \n\t\t\t\"prevNextButtons\": true,\n\t\t\t\"pageDots\": false,\n\t\t\t\"lazy\": 1,\n\t\t\t\"contain\": true,\n\t\t\t\"groupCells\": true,\n\t\t\t\"wrapAround\": false,\n\t\t\t\"arrowShape\": \"M9,50L15.7 57.1 15.7 57.1 51.8 92.8 58.5 85.7 27.7 54.9 91 54.9 91 45.1 27.7 45.1 58.5 14.3 51.8 7.2 15.7 42.9 15.7 42.9z\"\n\t\t\t}' ><div class=\"carousel-item flickity-item sr-item item-html\"><img decoding=\"async\" class=\"alignnone size-medium wp-image-1133\" src=\"https:\/\/www.elephantintheroom.hu\/wp-content\/uploads\/2022\/04\/Szerdahelyi-Matyas.jpg\" alt=\"Szerdahelyi M\u00e1ty\u00e1s\"\/>\r\n<h5 style=\"margin-top: 15px; font-weight: 800;\r\nfont-size: 20px;\r\nline-height: 23px;\r\nletter-spacing: 0.05em;\r\n\">\r\n        Szerdahelyi M\u00e1ty\u00e1s\r\n<h6 style=\"color: #999; margin-top: 5px;\">\r\n    \u00dcgyvezet\u0151\r\n<\/h6><\/div><div class=\"carousel-item flickity-item sr-item item-html\"><img decoding=\"async\" class=\"alignnone size-medium wp-image-1133\" src=\"https:\/\/www.elephantintheroom.hu\/wp-content\/uploads\/2022\/04\/Vincze-Zsofia.jpg\" alt=\"Vincze Zs\u00f3fia\"  \/>\r\n<h5 style=\"margin-top: 15px; font-weight: 800;\r\nfont-size: 20px;\r\nline-height: 23px;\r\nletter-spacing: 0.05em;\">\r\n        Vincze Zs\u00f3fia\r\n<\/h5>\r\n<h6 style=\"color: #999; margin-top: 5px;\">\r\n    Projekt menedzser\r\n<\/h6><\/div><div class=\"carousel-item flickity-item sr-item item-html\"><img decoding=\"async\" class=\"alignnone size-medium wp-image-1131\" src=\"https:\/\/www.elephantintheroom.hu\/wp-content\/uploads\/2022\/04\/Zsoldos-Nikolett.jpg\" alt=\" Zsoldos Nikolett\" \/>\r\n<h5 style=\"margin-top:15px; font-weight: 800;\r\nfont-size: 20px;\r\nline-height: 23px;\r\nletter-spacing: 0.05em;\">\r\n        Zsoldos Nikolett\r\n<\/h5>\r\n<h6 style=\"color:#999; margin-top: 5px;\"> Grafikus\r\n<\/h6><\/div><div class=\"carousel-item flickity-item sr-item item-html\"><img decoding=\"async\" class=\"alignnone size-medium wp-image-1130\" src=\"https:\/\/www.elephantintheroom.hu\/wp-content\/uploads\/2022\/04\/Filus-Norbert.jpg\" alt=\"Filus Norbert\"  \/>\r\n<h5 style=\"margin-top: 15px; font-weight: 800;\r\nfont-size: 20px;\r\nline-height: 23px;\r\nletter-spacing: 0.05em;\">\r\n        Filus Norbert\r\n<\/h5>\r\n<h6 style=\"color: #999; margin-top: 5px;\">\r\n    3D tervez\u0151\r\n<\/h6><\/div><div class=\"carousel-item flickity-item sr-item item-html\"><img decoding=\"async\" class=\"alignnone size-medium wp-image-1130\" src=\"https:\/\/www.elephantintheroom.hu\/wp-content\/uploads\/2022\/04\/teal.png\" alt=\"Filus Norbert\"  \/>\n<div style=\"position:absolute; padding: 15px; top:0;\">\n<h6 style=\"font-weight: 700; font-weight:800; line-height: 20px\">Kiv\u00e1l\u00f3 partnerekkel dolgozunk egy\u00fctt,<\/h5>\n<h4 style=\"margin-top:10px\">akikkel weboldalakat, applik\u00e1ci\u00f3kat hozunk l\u00e9tre, f\u00farunk-faragunk vagy m\u00e1s egyedi elk\u00e9pzel\u00e9seket val\u00f3s\u00edtunk meg.<\/h4>\n<\/div><\/div><\/div>\t\t\t\t<\/div>\n\t\t\t\t<\/div>\n\t\t\t\t<div class=\"elementor-element elementor-element-03be6ae elementor-hidden-desktop elementor-widget elementor-widget-sr-widget-carousel\" data-id=\"03be6ae\" data-element_type=\"widget\" data-widget_type=\"sr-widget-carousel.default\">\n\t\t\t\t<div class=\"elementor-widget-container\">\n\t\t\t\t\t<div class=\"flickity-carousel item-carousel style-column-3 mobile-col-2 flickity-spaced-normal extended hasarrows arrow-center style-arrows-rounded carousel-container\" data-flickity='{ \n\t\t\t\"prevNextButtons\": true,\n\t\t\t\"pageDots\": false,\n\t\t\t\"lazy\": 1,\n\t\t\t\"contain\": true,\n\t\t\t\"groupCells\": true,\n\t\t\t\"wrapAround\": false,\n\t\t\t\"arrowShape\": \"M9,50L15.7 57.1 15.7 57.1 51.8 92.8 58.5 85.7 27.7 54.9 91 54.9 91 45.1 27.7 45.1 58.5 14.3 51.8 7.2 15.7 42.9 15.7 42.9z\"\n\t\t\t}' ><div class=\"carousel-item flickity-item sr-item item-html\"><img decoding=\"async\" class=\"alignnone size-medium wp-image-1133\" src=\"https:\/\/www.elephantintheroom.hu\/wp-content\/uploads\/2022\/04\/Szerdahelyi-Matyas.jpg\" alt=\"Szerdahelyi M\u00e1ty\u00e1s\"\/>\r\n<h5 style=\"margin-top: 15px; font-weight: 800;\r\nfont-size: 20px;\r\nline-height: 23px;\r\nletter-spacing: 0.05em;\r\n\">\r\n        Szerdahelyi M\u00e1ty\u00e1s\r\n<h6 style=\"color: #999; margin-top: 5px;\">\r\n    \u00dcgyvezet\u0151\r\n<\/h6><\/div><div class=\"carousel-item flickity-item sr-item item-html\"><img decoding=\"async\" class=\"alignnone size-medium wp-image-1133\" src=\"https:\/\/www.elephantintheroom.hu\/wp-content\/uploads\/2022\/04\/Vincze-Zsofia.jpg\" alt=\"Vincze Zs\u00f3fia\"  \/>\r\n<h5 style=\"margin-top: 15px; font-weight: 800;\r\nfont-size: 20px;\r\nline-height: 23px;\r\nletter-spacing: 0.05em;\">\r\n        Vincze Zs\u00f3fia\r\n<\/h5>\r\n<h6 style=\"color: #999; margin-top: 5px;\">\r\n    Projekt menedzser\r\n<\/h6><\/div><\/div>\t\t\t\t<\/div>\n\t\t\t\t<\/div>\n\t\t\t\t<div class=\"elementor-element elementor-element-71bce4c elementor-hidden-desktop elementor-widget elementor-widget-sr-widget-carousel\" data-id=\"71bce4c\" data-element_type=\"widget\" data-widget_type=\"sr-widget-carousel.default\">\n\t\t\t\t<div class=\"elementor-widget-container\">\n\t\t\t\t\t<div class=\"flickity-carousel item-carousel style-column-3 mobile-col-2 flickity-spaced-normal extended hasarrows arrow-center style-arrows-rounded carousel-container\" data-flickity='{ \n\t\t\t\"prevNextButtons\": true,\n\t\t\t\"pageDots\": false,\n\t\t\t\"lazy\": 1,\n\t\t\t\"contain\": true,\n\t\t\t\"groupCells\": true,\n\t\t\t\"wrapAround\": false,\n\t\t\t\"arrowShape\": \"M9,50L15.7 57.1 15.7 57.1 51.8 92.8 58.5 85.7 27.7 54.9 91 54.9 91 45.1 27.7 45.1 58.5 14.3 51.8 7.2 15.7 42.9 15.7 42.9z\"\n\t\t\t}' ><div class=\"carousel-item flickity-item sr-item item-html\"><img decoding=\"async\" class=\"alignnone size-medium wp-image-1131\" src=\"https:\/\/www.elephantintheroom.hu\/wp-content\/uploads\/2022\/04\/Zsoldos-Nikolett.jpg\" alt=\" Zsoldos Nikolett\" \/>\r\n<h5 style=\"margin-top:15px; font-weight: 800;\r\nfont-size: 20px;\r\nline-height: 23px;\r\nletter-spacing: 0.05em;\">\r\n        Zsoldos Nikolett\r\n<\/h5>\r\n<h6 style=\"color:#999; margin-top: 5px;\"> Grafikus\r\n<\/h6><\/div><div class=\"carousel-item flickity-item sr-item item-html\"><img decoding=\"async\" class=\"alignnone size-medium wp-image-1130\" src=\"https:\/\/www.elephantintheroom.hu\/wp-content\/uploads\/2022\/04\/Filus-Norbert.jpg\" alt=\"Filus Norbert\"  \/>\r\n<h5 style=\"margin-top: 15px; font-weight: 800;\r\nfont-size: 20px;\r\nline-height: 23px;\r\nletter-spacing: 0.05em;\">\r\n        Filus Norbert\r\n<\/h5>\r\n<h6 style=\"color: #999; margin-top: 5px;\">\r\n    3D-s tervez\u0151\r\n<\/h6><\/div><\/div>\t\t\t\t<\/div>\n\t\t\t\t<\/div>\n\t\t\t\t<div class=\"elementor-element elementor-element-613b725 elementor-hidden-desktop elementor-widget elementor-widget-sr-widget-carousel\" data-id=\"613b725\" data-element_type=\"widget\" data-widget_type=\"sr-widget-carousel.default\">\n\t\t\t\t<div class=\"elementor-widget-container\">\n\t\t\t\t\t<div class=\"flickity-carousel item-carousel style-column-3 mobile-col-2 flickity-spaced-normal extended hasarrows arrow-center style-arrows-rounded carousel-container\" data-flickity='{ \n\t\t\t\"prevNextButtons\": true,\n\t\t\t\"pageDots\": false,\n\t\t\t\"lazy\": 1,\n\t\t\t\"contain\": true,\n\t\t\t\"groupCells\": true,\n\t\t\t\"wrapAround\": false,\n\t\t\t\"arrowShape\": \"M9,50L15.7 57.1 15.7 57.1 51.8 92.8 58.5 85.7 27.7 54.9 91 54.9 91 45.1 27.7 45.1 58.5 14.3 51.8 7.2 15.7 42.9 15.7 42.9z\"\n\t\t\t}' ><div class=\"carousel-item flickity-item sr-item item-html\"><img decoding=\"async\" class=\"alignnone size-medium wp-image-1130\" src=\"https:\/\/www.elephantintheroom.hu\/wp-content\/uploads\/2022\/04\/teal.png\" alt=\"Filus Norbert\"  \/>\n<div style=\"position:absolute; padding: 15px; top:0;\">\n<h6 style=\"font-weight: 700; font-weight:800; line-height: 17px\">We really like our partners, <\/h6>\n<h4 style=\"margin-top:10px\">who helps us make webpages, apps or produce something unique for us.<\/h4>\n<\/div><\/div><div class=\"carousel-item flickity-item sr-item item-image\"><\/div><\/div>\t\t\t\t<\/div>\n\t\t\t\t<\/div>\n\t\t\t\t\t<\/div>\n\t\t<\/div>\n\t\t\t\t\t<\/div>\n\t\t<\/section>\n\t\t\t\t<section class=\"elementor-section elementor-top-section elementor-element elementor-element-72cffb0 about-yellow elementor-section-height-min-height elementor-section-boxed elementor-section-height-default elementor-section-items-middle\" data-id=\"72cffb0\" data-element_type=\"section\" data-settings=\"{&quot;background_background&quot;:&quot;classic&quot;}\">\n\t\t\t\t\t\t<div class=\"elementor-container elementor-column-gap-default\">\n\t\t\t\t\t<div class=\"elementor-column elementor-col-100 elementor-top-column elementor-element elementor-element-8688983\" data-id=\"8688983\" data-element_type=\"column\">\n\t\t\t<div class=\"elementor-widget-wrap elementor-element-populated\">\n\t\t\t\t\t\t<div class=\"elementor-element elementor-element-4461508 elementor-widget__width-initial elementor-widget elementor-widget-text-editor\" data-id=\"4461508\" data-element_type=\"widget\" data-widget_type=\"text-editor.default\">\n\t\t\t\t<div class=\"elementor-widget-container\">\n\t\t\t\t\t\t\t\t\t<h6>Ez\u00e9rt els\u0151sorban fenntarthat\u00f3s\u00e1ggal kapcsolatos szeml\u00e9letform\u00e1l\u00e1ssal, v\u00e1rosok \u00e9s civil szervezetek kommunik\u00e1ci\u00f3j\u00e1nak fejleszt\u00e9s\u00e9vel foglalkozunk.<\/h6><h6>\u00a0Az \u00fcgy \u00e9rdek\u00e9ben tervez\u00fcnk, elemz\u00fcnk, sz\u00f6veget \u00edrunk, rajzolunk, modellez\u00fcnk, anim\u00e1lunk, weblapot vagy ak\u00e1r utcab\u00fatort is k\u00e9sz\u00edt\u00fcnk, ha azzal seg\u00edtj\u00fck \u00f6tleteink megval\u00f3sul\u00e1s\u00e1t.<\/h6>\t\t\t\t\t\t\t\t<\/div>\n\t\t\t\t<\/div>\n\t\t\t\t<div class=\"elementor-element elementor-element-9f7045a elementor-align-center elementor-widget elementor-widget-button\" data-id=\"9f7045a\" data-element_type=\"widget\" data-widget_type=\"button.default\">\n\t\t\t\t<div class=\"elementor-widget-container\">\n\t\t\t\t\t\t\t\t\t<div class=\"elementor-button-wrapper\">\n\t\t\t\t\t<a class=\"elementor-button elementor-button-link elementor-size-sm\" href=\"https:\/\/www.elephantintheroom.hu\/kapcsolat\">\n\t\t\t\t\t\t<span class=\"elementor-button-content-wrapper\">\n\t\t\t\t\t\t\t\t\t<span class=\"elementor-button-text\">Kapcsolat<\/span>\n\t\t\t\t\t<\/span>\n\t\t\t\t\t<\/a>\n\t\t\t\t<\/div>\n\t\t\t\t\t\t\t\t<\/div>\n\t\t\t\t<\/div>\n\t\t\t\t\t<\/div>\n\t\t<\/div>\n\t\t\t\t\t<\/div>\n\t\t<\/section>\n\t\t\t\t<\/div>\n\t\t","protected":false},"excerpt":{"rendered":"<p>Egy elef\u00e1nt van a szob\u00e1ban! Hatalmas, mindenki l\u00e1tja, m\u00e9gsem besz\u00e9l r\u00f3la senki. Ezt a kifejez\u00e9st akkor haszn\u00e1lj\u00e1k angol nyelvter\u00fcleten, amikor egy nagy \u00e9s nyilv\u00e1nval\u00f3 probl\u00e9m\u00e1ra utalnak, amir\u0151l mind tudunk, de &#8211; mivel kellemetlen\u00fcl \u00e9rint minket -, ink\u00e1bb ignor\u00e1ljuk \u00e9s nem besz\u00e9l\u00fcnk r\u00f3la. Az elef\u00e1nt a szob\u00e1ban t\u00f6k\u00e9letes metafora civiliz\u00e1ci\u00f3nk tal\u00e1n legs\u00fcrget\u0151bb probl\u00e9m\u00e1j\u00e1ra, a glob\u00e1lis \u00f6kol\u00f3giai [&hellip;]<\/p>\n","protected":false},"author":1,"featured_media":0,"parent":0,"menu_order":0,"comment_status":"closed","ping_status":"closed","template":"","meta":{"footnotes":""},"class_list":["post-7978","page","type-page","status-publish","hentry","isotope-item"],"_links":{"self":[{"href":"https:\/\/www.elephantintheroom.hu\/index.php?rest_route=\/wp\/v2\/pages\/7978","targetHints":{"allow":["GET"]}}],"collection":[{"href":"https:\/\/www.elephantintheroom.hu\/index.php?rest_route=\/wp\/v2\/pages"}],"about":[{"href":"https:\/\/www.elephantintheroom.hu\/index.php?rest_route=\/wp\/v2\/types\/page"}],"author":[{"embeddable":true,"href":"https:\/\/www.elephantintheroom.hu\/index.php?rest_route=\/wp\/v2\/users\/1"}],"replies":[{"embeddable":true,"href":"https:\/\/www.elephantintheroom.hu\/index.php?rest_route=%2Fwp%2Fv2%2Fcomments&post=7978"}],"version-history":[{"count":0,"href":"https:\/\/www.elephantintheroom.hu\/index.php?rest_route=\/wp\/v2\/pages\/7978\/revisions"}],"wp:attachment":[{"href":"https:\/\/www.elephantintheroom.hu\/index.php?rest_route=%2Fwp%2Fv2%2Fmedia&parent=7978"}],"curies":[{"name":"wp","href":"https:\/\/api.w.org\/{rel}","templated":true}]}}